 5, 7, 19, 373, 1861
What are the prime factors of 117186893?
383, 305971
What are the prime factors of 246186868?
2, 43, 233, 6143
List the prime factors of 689929878.
2, 3, 11, 41, 254963
List the prime factors of 18424275.
3, 5, 167, 1471
What are the prime factors of 37535664?
2, 3, 41, 19073
List the prime factors of 2761890244.
2, 17, 79, 514127
List the prime factors of 923908799.
11, 83991709
What are the prime factors of 146933136?
2, 3, 7, 48589
What are the prime factors of 222593681?
353, 630577
List the prime factors of 2211628402.
2, 1105814201
What are the prime factors of 8976306?
2, 3, 17, 88003
List the prime factors of 1528459799.
1528459799
List the prime factors of 137542488.
2, 3, 613, 9349
What are the prime factors of 41418971?
11, 349, 10789
List the prime factors of 1220040190.
2, 5, 17, 7176707
What are the prime factors of 2079974879?
2079974879
What are the prime factors of 5358339948?
2, 3, 13, 19, 1807807
List the prime factors of 384332868.
2, 3, 10675913
What are the prime factors of 2863616597?
19, 150716663
List the prime factors of 494692212.
2, 3, 7, 229, 25717
What are the prime factors of 953043995?
5, 131, 1455029
List the prime factors of 256735602.
2, 3, 683, 6961
What are the prime factors of 167588949?
3, 11, 19, 137, 1951
What are the prime factors of 436000743?
3, 83, 583669
What are the prime factors of 533251895?
5, 11, 23, 47, 8969
What are the prime factors of 153989955?
3, 5, 7, 433, 1129
What are the prime factors of 30908771?
17, 1818163
List the prime factors of 144789083.
29, 107, 1609
List the prime factors of 2632977271.
47, 56020793
List the prime factors of 3242252329.
3242252329
What are the prime factors of 621498936?
2, 3, 25895789
What are the prime factors of 1022908429?
59, 109, 159059
List the prime factors of 8558362.
2, 547, 7823
List the prime factors of 3171589.
1511, 2099
What are the prime factors of 47370086?
2, 389, 60887
List the prime factors of 778173283.
17, 23, 86531
What are the prime factors of 70135756?
2, 17533939
What are the prime factors of 911234780?
2, 5, 45561739
List the prime factors of 12110733.
3, 19, 70823
List the prime factors of 6114462249.
3, 7, 107, 2721167
List the prime factors of 59227939.
1597, 37087
List the prime factors of 32567417.
73, 446129
List the prime factors of 2560649092.
2, 3709, 172597
What are the prime factors of 50426127?
3, 1013, 5531
What are the prime factors of 44705453?
13, 131, 26251
List the prime factors of 96450570.
2, 3, 5, 179, 5987
List the prime factors of 87383380.
2, 5, 7, 29, 21523
List the prime factors of 17440118.
2, 23, 379133
What are the prime factors of 68182151?
613, 111227
List the prime factors of 454526853.
3, 11, 13773541
List the prime factors of 208962026.
2, 7, 13, 43, 26701
What are the prime factors of 573083563?
13, 127, 26701
What are the prime factors of 2250949804?
2, 17, 31, 163, 6551
What are the prime factors of 572056369?
572056369
What are the prime factors of 28960049?
73, 396713
What are the prime factors of 2857977442?
2, 1283, 1113787
List the prime factors of 530990171.
157, 3382103
List the prime factors of 25890009.
3, 8630003
List the prime factors of 481760432.
2, 61, 493607
List the prime factors of 481606459.
41, 11746499
What are the prime factors of 26564398?
2, 7, 787, 2411
What are the prime factors of 956264221?
11, 86933111
List the prime factors of 123724990.
2, 5, 12372499
List the prime factors of 75971077.
7, 13, 149, 431
What are the prime factors of 1862324791?
1862324791
List the prime factors of 31318643.
109, 287327
List the prime factors of 281407334.
2, 13, 1373, 7883
List the prime factors of 95055431.
59, 503, 3203
List the prime factors of 26523129.
3, 8841043
List the prime factors of 2104677874.
2, 13, 89, 909541
List the prime factors of 3440291123.
31, 337, 329309
What are the prime factors of 63680189?
53, 1201513
List the prime factors of 136013803.
2791, 48733
What are the prime factors of 192277930?
2, 5, 13, 23, 107, 601
What are the prime factors of 3673343470?
2, 5, 1093, 336079
What are the prime factors of 51380356?
2, 43, 298723
List the prime factors of 54916177.
37, 1484221
List the prime factors of 832123853.
11, 67, 1033, 1093
List the prime factors of 1074697975.
5, 13, 3306763
List the prime factors of 65204240.
2, 5, 815053
What are the prime factors of 572434231?
572434231
What are the prime factors of 382099273?
29, 31, 425027
What are the prime factors of 107780613?
3, 181, 198491
List the prime factors of 1749907616.
2, 54684613
List the prime factors of 4256301481.
131, 32490851
What are the prime factors of 216121342?
2, 223, 484577
List the prime factors of 88055200.
2, 5, 110069
What are the prime factors of 3598677066?
2, 3, 61, 67, 101, 1453
List the prime factors of 174264017.
174264017
What are the prime factors of 221616247?
19, 23, 73, 6947
What are the prime factors of 36833546?
2, 137, 179, 751
What are the prime factors of 154251861?
3, 19, 2706173
List the prime factors of 1182455375.
5, 41, 47, 4909
What are the prime factors of 215073067?
11, 191, 102367
What are the prime factors of 187796151?
3, 2318471
List the prime factors of 106645670.
2, 5, 19, 571, 983
What are the prime factors of 26035713?
3, 11, 409, 643
List the prime factors of 28066901.
2699, 10399
List the prime factors of 126345212.
2, 7, 19, 31, 47, 163
What are the prime factors of 127331582?
2, 7, 9095113
List the prime factors of 2304469535.
5, 10211, 45137
What are the prime factors of 3982521587?
11, 719, 503543
What are the prime factors of 53601770?
2, 5, 5360177
What are the prime factors of 6560466751?
349, 18797899
What are the prime factors of 296001531?
3, 7, 4698437
List the prime factors of 177277691.
43, 349, 11813
What are the prime factors of 602453963?
113, 5331451
List the prime factors of 1211868001.
17, 71286353
What are the prime factors of 953502491?
953502491
List the prime factors of 4306015616.
2, 7, 4805821
What are the prime factors of 49454708?
2, 12363677
List the prime factors of 211108842.
2, 3, 7, 186163
What are the prime factors of 62498156?
2, 7, 47, 47491
List the prime factors of 1344154928.
2, 683, 123001
What are the prime factors of 102602850?
2, 3, 5, 7, 19, 37, 139
What are the prime factors of 2125587673?
11, 17, 11366779
List the prime factors of 1820696756.
2, 2711, 167899
What are the prime factors of 2635168791?
3, 881, 997037
List the prime factors of 421217982.
2, 3, 29, 89659
List the prime factors of 92823384.
2, 3, 857, 4513
List the prime factors of 6229966236.
2, 3, 13, 41, 974041
What are the prime factors of 5284274842?
2, 7, 11, 709, 48397
What are the prime factors of 141466908?
2, 3, 11, 97429
What are the prime factors of 294127710?
2, 3, 5, 17, 576721
List the prime factors of 49069256.
2, 6133657
List the prime factors of 946738476.
2, 3, 409, 21433
List the prime factors of 3641747722.
2, 103, 191, 92557
List the prime factors of 91211235.
3, 5, 29, 307, 683
What are the prime factors of 61881380?
2, 5, 11, 281279
List the prime factors of 63798882.
2, 3, 7, 217003
What are the prime factors of 2491213605?
3, 5, 23, 2467, 2927
List the prime factors of 338492914.
2, 2063, 82039
What are the prime factors of 2992031651?
7, 427433093
What are the prime factors of 558363976?
2, 69795497
What are the prime factors of 151774232?
2, 17, 1115987
List the prime factors of 212092571.
212092571
What are the prime factors of 3362471837?
17, 929, 212909
List the prime factors of 87492707.
83, 191, 5519
What are the prime factors of 271213777?
1579, 171763
What are the prime factors of 355674041?
127, 2800583
What are the prime factors of 2456914229?
7, 11, 2311, 13807
What are the prime factors of 646578872?
2, 80822359
List the prime factors of 7766421.
3, 13, 19, 47, 223
What are the prime factors of 1623230154?
2, 3, 7, 13, 19, 7451
List the prime factors of 39969697.
149, 268253
List the prime factors of 198700384.
2, 1493, 4159
What are the prime factors of 33103566?
2, 3, 127, 1609
What are the prime factors of 96828002?
2, 43, 1125907
What are the prime factors of 1195026327?
3, 11, 12070973
What are the prime factors of 2318463?
3, 7, 29, 47
List the prime factors of 723911290.
2, 5,